{"id":395,"date":"2023-07-15T14:13:38","date_gmt":"2023-07-15T12:13:38","guid":{"rendered":"https:\/\/forms.namyslo.de\/?page_id=395"},"modified":"2023-07-15T14:39:38","modified_gmt":"2023-07-15T12:39:38","slug":"datenschutzformular","status":"publish","type":"page","link":"https:\/\/forms.namyslo.de\/index.php\/datenschutzformular\/","title":{"rendered":"Datenschutzformular"},"content":{"rendered":"\n<div class=\"wp-block-contact-form-7-contact-form-selector\">\n<div class=\"wpcf7 no-js\" id=\"wpcf7-f136-o1\" lang=\"de-DE\" dir=\"ltr\" data-wpcf7-id=\"136\">\n<div class=\"screen-reader-response\"><p role=\"status\" aria-live=\"polite\" aria-atomic=\"true\"><\/p> <ul><\/ul><\/div>\n<form action=\"\/index.php\/wp-json\/wp\/v2\/pages\/395#wpcf7-f136-o1\" method=\"post\" class=\"wpcf7-form init\" aria-label=\"Kontaktformular\" novalidate=\"novalidate\" data-status=\"init\">\n<fieldset class=\"hidden-fields-container\"><input type=\"hidden\" name=\"_wpcf7\" value=\"136\" \/><input type=\"hidden\" name=\"_wpcf7_version\" value=\"6.1.5\" \/><input type=\"hidden\" name=\"_wpcf7_locale\" value=\"de_DE\" \/><input type=\"hidden\" name=\"_wpcf7_unit_tag\" value=\"wpcf7-f136-o1\" \/><input type=\"hidden\" name=\"_wpcf7_container_post\" value=\"0\" \/><input type=\"hidden\" name=\"_wpcf7_posted_data_hash\" value=\"\" \/>\n<\/fieldset>\n<body>\n\t<H4> Datenschutzhinweis gem\u00e4\u00df Artikel 13 Datenschutzgrundverordnung DSGVO\n\t<\/h4>\n\t<p>Unser Unternehmen nimmt den Schutz der Kundendaten ernst und der Schutz der individuellen Privatsph\u00e4re bei der Verarbeitung pers\u00f6nlicher Daten ist f\u00fcr uns ein wichtiges Anliegen.\n\t<\/p>\n\t<H5>A. Datenverarbeitung zur Vertragsabwicklung\n\t<\/h5>\n\t<p>Die Verarbeitung der von Ihnen angegebenen personenbezogenen Daten in Verbindung mit den technischen Daten Ihres Fahrzeugs durch Namyslo Karosserie & Lack, Augasse 8 - 10, 63741 Aschaffenburg, Tel. 06021-87891 ist zur ordnungsgem\u00e4\u00dfen Abwicklung des zugrunde liegenden Vertragsverh\u00e4ltnisses (Abwicklung von Fahrzeugreparaturen, Teilebeschaffung, Kommunikation mit Versicherungen und Leasinggesellschaften, Erstellung von Reparatur-Kalkulationen (siehe Daten-Verarbeiter).) und soweit wir zu deren Erhebung gesetzlich verpflichtet sind, z.B. zur Einhaltung von Vorhaltefristen gegen\u00fcber dem Finanzamt, erforderlich. Sie beruht auf Art. 6 Abs. 1b und c) DSGVO. Die Daten werden gel\u00f6scht, sobald sie f\u00fcr die vorgenannten Zwecke nicht mehr erforderlich sind.<br \/>\nDes weiteren behalten wir uns vor, Sie telefonisch oder schriftlich per Mail oder Post im Rahmen der Vertragsabwicklung zu kontaktieren. Beispielsweise im Falle von auftragsbezogenen R\u00fcckfragen oder zum Versand von Unterlagen wie Kostenvoranschl\u00e4gen, Reparaturfreigaben oder weiteren Auftragsschritten.\n\t<\/p>\n\t<p>Wir werden Sie <b>nicht<\/b> zu Werbezwecken kontaktieren.\n\t<\/p>\n\t<H5>B. Datenschutzrechte des Kunden und Kontaktdaten\n\t<\/h5>\n\t<p>Sie k\u00f6nnen von uns jederzeit Auskunft \u00fcber Ihre gespeicherten personenbezogenen Daten erhalten (Artikel 15 DSGVO), deren Berichtigung (Artikel 16 DS-GVO), L\u00f6schung (Artikel 17 DS-GVO) oder Einschr\u00e4nkung der Verarbeitung (Artikel 18 DS-GVO) verlangen sowie Ihr Recht auf Daten\u00fcbertragbarkeit (Artikel 20 DSG-VO) geltend machen. Ebenfalls k\u00f6nnen Sie Ihre Einwilligungserkl\u00e4rung jederzeit ohne Angabe von Gr\u00fcnden mit Wirkung f\u00fcr die Zukunft \u00e4ndern oder widerrufen (Artikel 21 DS-GVO). Bitte beachten Sie, dass Datenverarbeitungen, die vor dem Widerruf erfolgt sind, hiervon nicht betroffen sind. Zu den vorgenannten Zwecken wenden Sie sich bitte an eine der nachfolgenden Kontaktadressen.\n\t<\/p>\n\t<p>F\u00fcr die Datenverarbeitung verantwortlich:<br \/>\nNamyslo Karosserie & Lack<br \/>\nGesch\u00e4ftsf\u00fchrer Thomas Namyslo<br \/>\nAugasse 8 - 10<br \/>\n63741 Aschaffenburg<br \/>\nTel. 06021-87891\n\t<\/p>\n\t<p>Ihnen steht des Weiteren ein Beschwerderecht bei einer Aufsichtsbeh\u00f6rde zu.\n\t<\/p>\n\t<p>Meine in <b>Abschnitt B<\/b> dargestellten <b>Datenschutzrechte<\/b> habe ich zur Kenntnis genommen.\n\t<\/p>\n\t<p><b>Vor- und Nachname<\/b><a style=\"color:red\">*<\/a><br \/>\n<span class=\"wpcf7-form-control-wrap\" data-name=\"your-name\"><input size=\"40\" maxlength=\"400\" class=\"wpcf7-form-control wpcf7-text wpcf7-validates-as-required\" autocomplete=\"name\" aria-required=\"true\" aria-invalid=\"false\" value=\"\" type=\"text\" name=\"your-name\" \/><\/span>\n\t<\/p>\n\t<p><b>Datum:<\/b><br \/>\n<span class=\"wpcf7-form-control-wrap\" data-name=\"date-733\"><input class=\"wpcf7-form-control wpcf7-date wpcf7-validates-as-required wpcf7-validates-as-date\" aria-required=\"true\" aria-invalid=\"false\" value=\"2026-04-20\" type=\"date\" name=\"date-733\" \/><\/span>\n\t<\/p>\n\t<p><b>Unterschrift:<\/b><a style=\"color:red\">*<\/a><br \/>\n<div class=\"dscf7_signature\">\n\t\t\t<div class=\"dscf7_signature_inner\">\n\t\t\t\t<canvas id=\"digital_signature-pad_signature-988\" name=\"signature-988\" class=\"digital_signature-pad\" color=\"#000000\" backcolor=\"#dddddd\" width=\"300\" height=\"100\"><\/canvas>\n\t\t\t\t<input class=\"clearButton\" type=\"button\" value=\"+\">\n\t\t\t<\/div>\n\t\t\t<span class=\"wpcf7-form-control-wrap signature-988\">\n\t\t\t\t<input class=\"wpcf7-form-control wpcf7-signature wpcf7-validates-as-requiredwpcf7-validates-as-signaturedscf7-signature\" value=\"\" type=\"hidden\" name=\"signature-988\"\/>\n\t\t\t\t<input type=\"hidden\" name=\"signature-988-attachment\" class=\"wpcf7_input_signature-988_attachment\"\/>\n\t\t\t\t<input type=\"hidden\" name=\"signature-988-inline\" class=\"wpcf7_input_signature-988_inline\"\/>\n\t\t\t<\/span>\n\t\t<\/div>\n\t<\/p>\n\t<p><b>E-Mail Adresse (optional, falls versandt dieses Schreibens als PDF gew\u00fcnscht)<\/b><br \/>\n<span class=\"wpcf7-form-control-wrap\" data-name=\"your-email\"><input size=\"40\" maxlength=\"400\" class=\"wpcf7-form-control wpcf7-text\" aria-invalid=\"false\" placeholder=\"beispiel@beispiel.com\" value=\"\" type=\"text\" name=\"your-email\" \/><\/span>\n\t<\/p>\n\t<p><input class=\"wpcf7-form-control wpcf7-submit has-spinner\" type=\"submit\" value=\"Speichern\" \/>\n\t<\/p>\n<\/body><div class=\"wpcf7-response-output\" aria-hidden=\"true\"><\/div>\n<\/form>\n<\/div>\n<\/div>\n","protected":false},"excerpt":{"rendered":"","protected":false},"author":1,"featured_media":0,"parent":0,"menu_order":0,"comment_status":"closed","ping_status":"closed","template":"","meta":{"footnotes":""},"class_list":["post-395","page","type-page","status-publish","hentry"],"_links":{"self":[{"href":"https:\/\/forms.namyslo.de\/index.php\/wp-json\/wp\/v2\/pages\/395","targetHints":{"allow":["GET"]}}],"collection":[{"href":"https:\/\/forms.namyslo.de\/index.php\/wp-json\/wp\/v2\/pages"}],"about":[{"href":"https:\/\/forms.namyslo.de\/index.php\/wp-json\/wp\/v2\/types\/page"}],"author":[{"embeddable":true,"href":"https:\/\/forms.namyslo.de\/index.php\/wp-json\/wp\/v2\/users\/1"}],"replies":[{"embeddable":true,"href":"https:\/\/forms.namyslo.de\/index.php\/wp-json\/wp\/v2\/comments?post=395"}],"version-history":[{"count":3,"href":"https:\/\/forms.namyslo.de\/index.php\/wp-json\/wp\/v2\/pages\/395\/revisions"}],"predecessor-version":[{"id":400,"href":"https:\/\/forms.namyslo.de\/index.php\/wp-json\/wp\/v2\/pages\/395\/revisions\/400"}],"wp:attachment":[{"href":"https:\/\/forms.namyslo.de\/index.php\/wp-json\/wp\/v2\/media?parent=395"}],"curies":[{"name":"wp","href":"https:\/\/api.w.org\/{rel}","templated":true}]}}